lse
Does 123 divide 1910082?
False
Is 169 a factor of 342824?
False
Does 445 divide 1177348?
False
Does 29 divide 149445?
False
Is 4 a factor of 891369?
False
Is 16 a factor of 30256?
True
Is 22 a factor of 1627764?
False
Is 57 a factor of 1260612?
True
Is 60 a factor of 6653829?
False
Does 7 divide 60977?
True
Does 56 divide 299586?
False
Is 39 a factor of 8861917?
False
Does 13 divide 206627?
False
Does 5 divide 47335?
True
Is 3832780 a multiple of 1855?
False
Is 1696044 a multiple of 28?
True
Is 712812 a multiple of 201?
False
Does 4 divide 4239?
False
Does 7 divide 60067?
True
Is 339327 a multiple of 3?
True
Is 44824 a multiple of 26?
True
Is 72550 a multiple of 2?
True
Is 584 a factor of 1088576?
True
Is 301720 a multiple of 76?
True
Is 1288 a factor of 853944?
True
Is 222964 a multiple of 92?
False
Is 2000016 a multiple of 57?
True
Is 1676 a factor of 5562644?
True
Does 79 divide 1018772?
False
Is 917160 a multiple of 623?
False
Is 29 a factor of 4094483?
False
Is 180 a factor of 2546100?
True
Is 167 a factor of 178892?
False
Does 534 divide 44684?
False
Does 7 divide 85257?
False
Is 172 a factor of 2448936?
True
Is 220 a factor of 1206920?
True
Is 110 a factor of 1687494?
False
Does 19 divide 205495?
False
Is 181425 a multiple of 75?
True
Is 680237 a multiple of 25?
False
Is 13 a factor of 195983?
False
Is 175370 a multiple of 142?
True
Is 1941797 a multiple of 143?
True
Is 7 a factor of 5714?
False
Is 5 a factor of 679020?
True
Is 2946608 a multiple of 156?
False
Does 141 divide 399211?
False
Is 10946 a multiple of 2?
True
Is 5363137 a multiple of 673?
True
Does 74 divide 1213863?
False
Does 630 divide 1324890?
True
Is 8 a factor of 2245225?
False
Is 1196322 a multiple of 153?
False
Is 212 a factor of 554804?
True
Is 37633 a multiple of 80?
False
Is 82 a factor of 44107?
False
Is 347757 a multiple of 204?
False
Is 110 a factor of 274120?
True
Is 262033 a multiple of 157?
True
Is 167221 a multiple of 53?
False
Does 190 divide 631244?
False
Does 4 divide 131?
False
Is 4917281 a multiple of 144?
False
Is 228710 a multiple of 674?
False
Does 149 divide 238102?
True
Does 1355 divide 11550438?
False
Does 840 divide 245215?
False
Is 543620 a multiple of 14?
True
Is 12032922 a multiple of 674?
True
Is 126 a factor of 154872?
False
Is 21822 a multiple of 10?
False
Does 221 divide 2195684?
False
Is 1118753 a multiple of 814?
False
Is 22 a factor of 11506?
True
Is 3 a factor of 1720425?
True
Is 4 a factor of 257452?
True
Is 8 a factor of 954922?
False
Is 145 a factor of 351480?
True
Does 168 divide 429576?
True
Does 13 divide 123487?
True
Is 492196 a multiple of 85?
False
Does 5 divide 24890?
True
Is 547288 a multiple of 29?
True
Does 504 divide 216625?
False
Is 213528 a multiple of 246?
True
Does 25 divide 57825?
True
Is 14006 a multiple of 3?
False
Does 367 divide 33397?
True
Does 4 divide 28149?
False
Is 13748940 a multiple of 108?
True
Is 257628 a multiple of 146?
False
Does 58 divide 364498?
False
Is 22 a factor of 94556?
True
Is 10902360 a multiple of 168?
True
Does 42 divide 467712?
True
Is 14628536 a multiple of 26?
True
Does 4 divide 488103?
False
Does 15 divide 244890?
True
Does 514 divide 2391953?
False
Is 3 a factor of 25676?
False
Is 35 a factor of 1047655?
True
Is 2508700 a multiple of 25?
True
Does 72 divide 3712912?
False
Is 9510608 a multiple of 9?
False
Is 192608 a multiple of 32?
True
Is 4448554 a multiple of 11?
True
Does 11 divide 164021?
True
Does 9 divide 5111847?
True
Does 69 divide 36708?
True
Is 1606960 a multiple of 848?
True
Does 55 divide 877976?
False
Is 2739744 a multiple of 324?
True
Does 162 divide 452832?
False
Is 79827 a multiple of 59?
True
Is 8 a factor of 802856?
True
Is 1701998 a multiple of 547?
False
Is 23718 a multiple of 118?
True
Does 187 divide 72930?
True
Is 27 a factor of 430243?
False
Is 661732 a multiple of 76?
True
Is 6 a factor of 48347?
False
Is 263631 a multiple of 34?
False
Is 132639 a multiple of 179?
True
Is 10 a factor of 1019930?
True
Is 1790307 a multiple of 201?
True
Is 431214 a multiple of 530?
False
Is 68343 a multiple of 19?
True
Is 622 a factor of 6615204?
False
Does 10 divide 1159984?
False
Is 109 a factor of 135160?
True
Is 11 a factor of 2390918?
False
Is 13 a factor of 15108?
False
Is 184 a factor of 137797?
False
Is 510917 a multiple of 168?
False
Is 5801250 a multiple of 195?
True
Is 52 a factor of 1406704?
True
Does 14 divide 54684?
True
Is 159 a factor of 289464?
False
Is 3752613 a multiple of 27?
False
Is 146916 a multiple of 520?
False
Is 233 a factor of 970000?
False
Does 16 divide 974288?
True
Is 2530415 a multiple of 935?
False
Does 85 divide 304116?
False
Is 65560 a multiple of 247?
False
Is 90464 a multiple of 12?
False
Does 46 divide 1038036?
True
Does 78 divide 709254?
True
Is 18089419 a multiple of 92?
False
Is 73 a factor of 2488862?
True
Is 16105 a multiple of 30?
False
Is 90500 a multiple of 50?
True
Does 197 divide 842712?
False
Is 614398 a multiple of 92?
False
Is 28919 a multiple of 109?
False
Is 145887 a multiple of 11?
False
Is 5 a factor of 18135?
True
Does 47 divide 1742008?
True
Is 206498 a multiple of 17?
False
Is 20210 a multiple of 86?
True
Is 120370 a multiple of 438?
False
Does 39 divide 617165?
False
Is 19 a factor of 447735?
True
Is 1133325 a multiple of 365?
True
Does 45 divide 8730?
True
Is 873366 a multiple of 13?
True
Is 59 a factor of 688259?
False
Does 78 divide 610818?
True
Is 207695 a multiple of 148?
False
Is 428 a factor of 815998?
False
Is 3005343 a multiple of 26?
False
Does 12 divide 87336?
True
Is 793061 a multiple of 228?
False
Does 3 divide 28872?
True
Is 166 a factor of 3117480?
True
Does 45 divide 1578225?
False
Is 72 a factor of 1471740?
False
Is 450597 a multiple of 213?
False
Is 2004 a multiple of 167?
True
Is 13 a factor of 115929?
False
Does 110 divide 18920?
True
Is 4510464 a multiple of 768?
True
Does 271 divide 2605936?
True
Is 51 a factor of 61251?
True
Does 234 divide 2756520?
True
Does 52 divide 14755?
False
Does 15 divide 160530?
True
Is 281611 a multiple of 20?
False
Is 16 a factor of 530864?
True
Is 1264798 a multiple of 16?
False
Is 15 a factor of 1942695?
True
Does 1903 divide 10423471?
False
Does 30 divide 358530?
True
Does 69 divide 2227410?
False
Is 5026922 a multiple of 276?
False
Does 32 divide 5747490?
False
Does 115 divide 228102?
False
Does 200 divide 952600?
True
Does 21 divide 3968248?
False
Does 113 divide 8827357?
False
Does 34 divide 1182452?
True
Does 61 divide 216826?
False
Is 16 a factor of 133312?
True
Is 12 a factor of 281172?
True
Does 728 divide 1391422?
False
Is 555 a factor of 3305616?
False
Does 13 divide 11398?
False
Is 147470 a multiple of 54?
False
Does 12 divide 583670?
False
Does 25 divide 2308825?
True
Is 5400 a multiple of 4?
True
Is 4 a factor of 132189?
False
Is 5 a factor of 1799275?
True
Is 209 a factor of 8405771?
True
Does 244 divide 509228?
True
Is 623 a factor of 24798772?
False
Does 17 divide 36700?
False
Is 116194 a multiple of 109?
True
Is 7042146 a multiple of 186?
True
Does 2 divide 82655?
False
Is 127 a factor of 211701?
False
Does 29 divide 21199?
True
Is 17157 a multiple of 7?
True
Does 75 divide 1481475?
True
Is 15 a factor of 504105?
True
Does 98 divide 347116?
True
Is 172 a factor of 61835?
False
Is 344 a factor of 4511560?
True
Does 8 divide 7308048?
True
Does 40 divide 3898603?
False
Is 20 a factor of 502800?
True
Does 6 divide 138004?
False
Does 49 divide 861916?
False
Is 47 a factor of 1903500?
True
Does 8 divide 841067?
False
Does 1281 divide 17510816?
False
Does 70 divide 2125108?
False
Is 161 a factor of 638365?
True
Does 12 divide 382680?
True
Does 32 divide 200864?
True
Is 283886 a multiple of 21?
False
Is 3 a factor of 3248?
False
Is 892430 a multiple of 305?
True
Is 78366 a multiple of 266?
False
Is 175 a factor of 5940725?
True
Is 1274 a factor of 21942048?
False
Is 93 a factor of 342426?
True
Does 464 divide 1610432?
False
Is 17 a factor of 2980911?
False
Is 604562 a multiple of 217?
True
Does 295 divide 263616?
False
Does 223 divide 5371624?
True
Is 142 a factor of 3226524?
True
Is 94284 a multiple of 58?
False
Does 27 divide 823127?
False
Is 1779875 a multiple of 17?
False
Is 2137386 a multiple of 114?
True
Is 114744 a multiple of 14?
True
Is 9353